 -7)?
-10
-6 - (8 + 3 + 0 - 8)
-9
What is the value of (3 - 12) + 10 + -3?
-2
(10 - 9) + (-2 - -1)
0
What is the value of 4 + (-3 - -7 - 8)?
0
Calculate -16 - ((-20 - -9) + 3).
-8
What is the value of (5 - 1 - 2 - -1) + 2?
5
Evaluate -4 - ((2 - 2) + -5 - -4).
-3
Calculate -6 - 2 - -2 - (-2 + -5).
1
Evaluate -1 + 0 + -5 + 2.
-4
What is -6 - -9 - (2 - -2) - 0?
-1
Calculate 2 + 3 + 1 + -3.
3
Evaluate 1 - -4 - 3 - (2 - 1).
1
What is -9 + (0 - -5) - -5?
1
What is the value of -2 + (2 - (5 - 7))?
2
What is (-10 - 0) + (169 - 157)?
2
Calculate -2 - (1 - -2 - 3).
-2
Evaluate -5 + 10 + (9 - 14).
0
Calculate -3 - (-8 + (2 - 2) + 4).
1
Evaluate -4 + 4 + -3 - -7.
4
Evaluate (4 - -1) + (-66 - -67).
6
(-1 - -14) + 82 + -93
2
Evaluate -8 - ((7 - 4) + -2) - -4.
-5
Calculate (36 - 28) + (-13 - 1).
-6
What is 5 + 8 - (17 + -6)?
2
What is the value of -6 + 13 + (-5 - (-8 + 4))?
6
What is the value of -2 + (3 + 1 + 1 - -2)?
5
Calculate (-12 - -6) + (0 - (-4 + 1)).
-3
Evaluate 10 + 79 + -79 + -4 + 1.
7
Calculate 8 - ((8 - 9) + 8).
1
What is the value of 3 + -2 - (2 + 5)?
-6
What is the value of -4 - (5 + -12 - -1)?
2
6 + (-10 + 15 - 9)
2
What is the value of 2 + (1 - 3) - 2?
-2
What is the value of 3 + -1 + 1 + -6 + -1?
-4
What is the value of 19 + -6 + 8 + -18?
3
What is the value of 2 + -5 + 3 + 3?
3
What is -1 - (1 + 5 + -4 + -1)?
-2
Evaluate (-22 - (-15 - 3)) + (-1 - 1).
-6
What is -1 - ((-3 - -2) + 3)?
-3
What is the value of (-8 - (-9 + 4)) + -1 + 9?
5
Evaluate -1 + 5 + 0 + -9 + -2.
-7
What is (5 - 1) + 0 - 1 - -3?
6
8 + -7 + 20 - 13
8
Evaluate 6 - (2 + 6 + -3).
1
What is the value of -6 + 1 - (-2 - 3)?
0
Evaluate 10 + 10 + -27 - -8.
1
What is the value of 4 + (3 - 9) + 5?
3
-1 - (5 + 2) - (-3 - 0)
-5
18 + -4 + -5 + -4
5
Calculate 7 + 6 + 0 + -8.
5
-1 + 4 + 0 - 0
3
What is the value of 3 + (1 + 5 - (8 + -4))?
5
What is the value of (-4 - (1 + -7) - 0) + -6?
-4
Calculate 1 + -7 + 15 - (6 - 2).
5
Calculate -7 + (1 - -5) + (1 - 7).
-7
What is 1 + -8 - -2 - (-24 + 22)?
-3
Evaluate 1 + -1 + -6 + -6 + 10.
-2
What is 0 + 7 - (37 + -34)?
4
Calculate 3 + -6 + (-1 - (-4 - -3)).
-3
What is the value of -4 + -6 + 13 + -3?
0
What is the value of (0 - (6 + 0)) + -4 + 6?
-4
Calculate (0 - -3) + (8 - 15) + 8.
4
What is 0 - ((-1 - -25) + -14)?
-10
Calculate 1 + (4 - (4 - (1 - 1))).
1
What is the value of -5 - -3 - (2 + -4) - -1?
1
Evaluate -4 - (-4 - (5 - 3 - 7)).
-5
-10 + (7 - (8 + -1))
-10
4 + (-5 - -2) - 1
0
Calculate -18 + 21 - (4 + -3).
2
Evaluate -2 + 3 + (4 - 1).
4
What is the value of -2 - -2 - (2 + (-6 - -3))?
1
Calculate -1 + (0 - 1) + (-34 - -35).
-1
2 + (3 - 4) + 3
4
Calculate -1 - (2 - (1 + -3)).
-5
Calculate 2 - (-3 - 0 - (-7 + 4)).
2
Evaluate -3 + (11 - 17 - -9).
0
What is 0 - 2 - (-3 - (3 - 3))?
1
-8 + 8 - (2 + -4)
2
Evaluate -9 - (-4 - ((-1 - 2) + 2)).
-6
What is the value of (19 - 4) + -9 + (1 - 8)?
-1
Evaluate 5 + 2 - (9 + -2 + -1).
1
Evaluate 2 + (-3 - (2 + -5)).
2
Evaluate -3 + (9 + -3 - 3 - 4).
-4
Calculate (-4 - (-8 + 13)) + 12.
3
Calculate 1 + (4 - 4) + 2.
3
What is the value of -3 + -2 - 0 - (10 + -8)?
-7
What is the value of 3 + (7 - 11) + -2?
-3
What is -5 - (-4 + (-5 - (-3 - 4)))?
-3
12 - 9 - (2 - -3) - -3
1
Evaluate 0 + 0 + -3 + 5.
2
Evaluate (4 - ((0 - 1) + 1)) + -4.
0
What is -3 - (-7 - (0 - (-4 + 3)))?
5
What is 21 + -16 - (10 + -2)?
-3
What is the value of -9 + 16 + -4 + 4?
7
-11 + 7 + 2 + 7
5
Calculate 0 + -6 + 7 + 2 + -5.
-2
Evaluate 47 + -49 - (1 - 10).
7
What is -2 + (-2 - 1 - -7)?
2
Evaluate 12 + -12 + (-4 - -9).
5
Calculate (6 - (3 - 1)) + -4.
0
What is the value of (-5 + -2 - -2) + 0?
-5
Calculate -11 + 1 + 2 + (1 - -1).
-6
((-1 - -5) + -5 - -5) + -8
-4
What is -1 + (-7 - -8 - -6)?
6
(3 - (5 + 1)) + (2 - -5)
4
Evaluate 4 - 4 - (-2 + -1) - 1.
2
Calculate (4 - 0) + 0 + -7 + 5.
2
What is the value of (-4 - (-1 + 7)) + (-2 - -6)?
-6
0 - 7 - (5 - 7) - 0
-5
Calculate -5 - (0 + -3 + (-3 - -6)).
-5
What is the value of 5 + (-11 - 5 - -1)?
-10
Calculate 6 + (-13 - (5 - 12)).
0
6 + -5 + -4 - (1 - -1)
-5
What is 5 + (-4 - (3 + -4))?
2
Calculate -3 - (-3 - 3) - (14 - 11).
0
What is the value of -6 - (3 + -1) - -13?
5
What is the value of -1 + -4 + -1 + 4?
-2
What is the value of (1 - 3) + 1 + (-7 - -5)?
-3
Evaluate 0 + 3 - (6 + 4 + -2).
-5
Evaluate 2 - (1 - 0 - (-23 + 20)).
-2
Evaluate -3 + 9 - (-8 + 12).
2
What is the value of 0 - (-3 + 4 + -1)?
0
What is the value of -27 + 21 + 2 + -1?
-5
6 + (-4 - (-4 + 0))
6
What is the value of 0 + -1 - (2 - 0)?
-3
What is the value of -20 - -18 - (0 - -1)?
-3
What is -10 - -4 - (3 + 6 - 5)?
-10
What is the value of -4 + 3 - (1 + 0)?
-2
Evaluate 0 + -2 + (3 - 1) + 1.
1
Evaluate -15 + 4 + (-3 - -3) + 7.
-4
What is (0 - -2) + (7 - 5)?
4
Calculate -4 + -1 + -1 + -15 + 17.
-4
What is 1 + 0 - 7 - -3?
-3
What is the value of 3 + -5 + 2 + (-4 - -6)?
2
Calculate -5 + -2 + 11 - 0.
4
Evaluate (4 - (-3 + 1 - -10)) + 3.
-1
Calculate -4 - -6 - (0 - 0 - 0).
2
What is the value of -3 + (-16 - -10) + (1 - 1)?
-9
What is the value of 1 + 3 + (0 - 4)?
0
What is (3 - 0) + -6 + -2?
-5
What is -13 + 18 + 0 + -7 + 3?
1
What is -11 + (-11 - (-19 + -4))?
1
What is the value of (7 - 1) + 1 + -3?
4
What is -6 - ((-10 - -2) + 2)?
0
What is -2 + 4 + 7 + -5?
4
Calculate (-15 - -16) + 0 + -1 + -1.
-1
What is -98 - -83 - (-9 - 2)?
-4
What is -6 - (-15 - -9) - -2?
2
Calculate (2 - 1) + (-2 - -1).
0
What is the value of -10 + (-3 - -3) + (4 - -1)?
-5
What is -8 - -5 - 3 - (9 + -6)?
-9
Calculate (3 - (0 - 1)) + -4.
0
(-7 - -2) + (0 - -1) - 1
-5
What is the value of -3 + -2 + 1 - -8?
4
Evaluate -78 - -76 - (1 + -10).
7
Calculate 7 + (13 - 8) - 9.
3
What is -4 + -5 + (3 - 2 - -3)?
-5
Calculate 11 + (-6 - (0 - -14)).
-9
What is the value of 12 + 7 + -12 - (2 + 2)?
3
Evaluate -4 + 1 + 6 + (4 - 6).
1
Calculate 2 - (10 - 4 - 3).
-1
Calculate -2 - 5 - (-5 - (-3 - 1)).
-6
Calculate -9 + (-11 - -26) - (12 - -1).
-7
What is 3 - 6 - (11 - 11)?
-3
Evaluate (-6 - -5) + 1 + -2.
-2
-11 + 0 - (-76 + 67)
-2
-20 + 19 - (-1 + 5 + 0)
-5
Evaluate 26 + -20 - (1 - 2).
7
What is the value of 3 + -2 - -1 - (-15 - -13)?
4
Evaluate -8 + (4 - -12) - 8.
0
What is -14 - -11 - (-2 - (1 - 2))?
-2
-2 - (2 + (4 + -2 - 6))
0
(-12 + 11 - -1) + 2
2
Calculate -37 + 32 + 0 + (-2 - -1).
-6
-10 + (0 + 3 + -1 - -4)
-4
Evaluate 1 - (-1 - -5) - (-3 - 1).
1
Evaluate (52 - 50) + (4 - 1) + 0.
5
7 + -2 + 0 - -1
6
Calculate -6 - (4 - -4 - 10 - 11).
7
What is (-7 + -3 - -10) + 0?
0
What is the value of 1 - ((-1 - 0) + 4)?
-2
Calculate 4 - 5 - -5 - 3.
1
What is the value of 0 + -3 - (-3 + (12 - 10))?
-2
-9 + 1 + 5 + (5 - 2)
0
What is 4 - (1 + (-8 - -5) - -8)?
-2
(1 - (-4 - -4)) + 0
1
What is the value of 0 + 0 + (-6 - -2) + 5?
1
Evaluate 3 - (6 + (5 - 13)).
5
Evaluate 1 - 1 - (2 - (-5 - -5)).
-2
Evaluate 2 + -6 - (6 - 19) - 1.
8
What is the value of (0 - (7 + 1)) + 16 - 18?
-10
Calculate -1 + 4 - (-144 - -138).
9
What is the value of -6 + 18 + -6 + 0 + 0?
6
Evaluate 16 - (20 - (18 + -7)).
7
What is the value of 0 + -11 + -2 - -3?
-10
Calculate -2 + -1 + (1 - (-1 + 4)).
-5
What is -5 + (-6 - -3) + 3?
-5
What is 21 - 27 - (1 + -3)?
-4
5 + (2 - 8) + 0
-1
Calculate 2 - ((15 - 2) + -7).
-4
(3 - 3) + 4 - 1
3
Calculate 6 + -3 + 3 + -4 + 0.
2
Calculate 5 + -2 + -2 - 3.
-2
7 + -2 + -3 + -3 + 1
0
What is -4 - (8 - (-10 + 28))?
6
What is (-2 - 1) + 9 + -4?
2
What is 7 - 25 - -17 - (0 + 0)?
-1
What is the value of -7 - ((-2 - 3) + -3 + 4)?
-3
What is -2 + 6 + -4 + -4?
-4
Evaluate -7 + -3 + 3 + 1 + 1.
-5
What is the value of -4 - -8 - (-5 - -4 - 4)?
9
Evaluate 2 - 6 - (0 - 2).
-2
What is the value of -7 - -14 - (8 - (-5 - 0))?
-6
What is 11 + -11 - (2 + 1)?
-3
What is 3 + (1 + 10 - 6)?
8
Evaluate (-5 - 0) + 19 + -17.
-3
0 + (-5 + 3 - 0) + 0
-2
4 - (5 + -5) - 3
1
Calculate -4 - ((1 - -7) + -3).
-9
What is 8 - 6 - (3 - (3 - 1))?
1
Evaluate -9 + 21 + (-1 - 6).
5
Evaluate -1 + 1 - (-3 - (-7 - -5)).
1
4 - (8 + 6 + -5 - 5)
0
-2 - (-1 - (0 + 0))
-1
What is the value of (-1 - -7) + 13 + -19 + -9?
-9
Evaluate 2 + 2 + -8 + 0.
-4
What is the value of (0 - (-2 + 1)) + 6 - 3?
4
What is (-2 - (0 - -4)) + 5?
-1
Calculate 4 + -1 + -8 + 0.
-5
What is 1 - (-7 + 1 - (-3 + -1))?
3
What is -4 + (2 - 2) + 7?
3
Evaluate 2 + (-2 - -4) + (8 - 11).
1
Evaluate 30 + -29 - (-2 - 0).
3
What is 7 + 5 + -2 + -1 - 4?
5
6 - (2 + 1) -